s digit of (-2 + 63017/2)*34/((-748)/(-44))?
6
Suppose -100 = -17*l - 3*l. Suppose 4676 = 4*v + 5*t, -5*t = -l*v + 8*v - 3512. What is the tens digit of v?
6
Let o be (-72)/108 + (-2)/(-3). Let k be (o + -50)*(-144)/(-15)*-2. Suppose -5*g + k = g. What is the hundreds digit of g?
1
Suppose -2*r - 5 = -y, 8*y + 3*r = 11*y. What is the tens digit of (-2 - -3)/(y - 348/(-69))?
2
Suppose 3*z = 10*a - 39031, 5*a = 2*a - 5*z + 11668. What is the thousands digit of a?
3
Let m(j) = -j**2 + 12*j + 99. Let o be m(-5). Suppose -3*y + 3474 = -5*x, y = -o*x + 15*x + 1160. What is the hundreds digit of y?
1
Let q be (780/(-80))/(5/8 + -1). Suppose 0 = 11*n - q*n + 6105. What is the tens digit of n?
0
Suppose b + 2 = 0, -f - 4*f + 19 = -2*b. Let a be (44 + -44)*(1 + 0). Suppose a = x - u - 31 - 75, f*x - 325 = -4*u. What is the hundreds digit of x?
1
Suppose -3*c = 6*c - 1215. What is the tens digit of ((-4)/(-2))/(10/c)?
2
Let k(v) = 74*v**3 - 3*v**2 - 92*v + 518. What is the ten thousands digit of k(6)?
1
Suppose 7*y - d = 10*y - 45190, -2*y + 30127 = d. What is the ten thousands digit of y?
1
Suppose 2*c = -4, 4*c + 429 - 1177 = -3*z. Suppose -7*q + 0*q + z = 0. Suppose -34*t = -q*t + 4. What is the units digit of t?
2
Suppose 0 = -y + 2*o + 3, 3*y - 4*o - 13 = -2*o. Suppose -y*c + 371 - 42 = t, 211 = 3*c + 4*t. What is the units digit of c?
5
What is the hundreds digit of (1310/(-1) + 15)*-3?
8
Let m(k) = 3*k - 22. Let s be m(-7). Let j = s + 40. What is the units digit of 39 - 4*(-3)/j?
5
Let l be 195/(-20)*(-56)/21. What is the hundreds digit of 6*2/(-6) + l*10?
2
Let a = -28 + 46. Let f(n) = -n. Let u(i) = -6*i - 27. Let m(b) = a*f(b) + u(b). What is the tens digit of m(-5)?
9
Let m be (-6)/4*-2 + 0. Let g be 7 - -5*(5 - 6). Suppose -305 = -m*i - 5*o, g*i - 204 = -3*o - o. What is the tens digit of i?
0
Let m(f) = -8045*f + 33. What is the thousands digit of m(-1)?
8
Let q(s) be the third derivative of -181*s**4/24 + 5*s**3/6 + 15*s**2. Let a be q(-1). Suppose -25 = -5*j, -2*j - 101 = -3*o + a. What is the units digit of o?
9
Suppose 18*b = 21*b - 4008. What is the tens digit of b?
3
Let a = 4568 - 4229. What is the hundreds digit of a?
3
Suppose 17*u + 654 = 11*u. What is the hundreds digit of ((-16)/(-12) + -2)*6*u?
4
Let u = -78 + 32. Let f = u - -122. Let q = f + -36. What is the units digit of q?
0
Let r = 5826 - 1001. What is the hundreds digit of r?
8
Let j be (0 + 2)/(-6)*(10 - 7). What is the units digit of j*(-2)/((-2)/(-249))?
9
Let z be 40/8 - (1 + (0 - 56)). Let s(o) = o + 11. Let h be s(-6). What is the tens digit of (-12)/z - (-131)/h?
2
Suppose -2*p - x + 91442 = 0, 17*x + 137229 = 3*p + 2*x. What is the thousands digit of p?
5
Suppose -8*i - 3 + 99 = 0. Suppose i*b - 5 = 79. Suppose 727 = b*m - 498. What is the units digit of m?
5
Let b(i) = -2*i + 10. Let y(s) = 3*s - 11. Let o(t) = -4*b(t) - 3*y(t). Let p be o(-10). What is the units digit of 1/(p - 2350/785)?
7
Let t(q) = 25 + 1096*q**2 - 20*q + 1111*q**2 - q**3 - 2188*q**2. Suppose 2*m + 0*m = -d + 39, 3*m + 5*d = 76. What is the hundreds digit of t(m)?
2
Let d(m) = 14*m**2 - 17*m + 110. Let v = 289 + -283. What is the hundreds digit of d(v)?
5
Suppose 11302 = 24*c - 19*c - 26228. What is the thousands digit of c?
7
What is the tens digit of (1881/855)/(1/4415)?
1
Let h = 18252 + -6005. What is the thousands digit of h?
2
Let u(i) = -7 - 12 - 65 + 26*i - 103*i. What is the tens digit of u(-9)?
0
Suppose 9 = -2*c + 4*a - 3, -2*c + a = 0. Suppose -18*g = 2*s - 20*g - 1462, 3*g = c*s - 1457. What is the hundreds digit of s?
7
Suppose -r - k + 19687 = 0, -k + 71733 = 5*r - 26698. What is the hundreds digit of r?
6
Let p = -717 + 504. Let y = 483 + p. Let v = 407 - y. What is the units digit of v?
7
Let m(p) = -6*p**3 - 5*p**2 + 21*p - 11. Let a be m(4). Let l = a - -504. What is the tens digit of l?
1
Suppose -2*f = -7 - 3. Let k(h) = h**2 + 101 + f*h - 19*h + 11*h + h. What is the tens digit of k(0)?
0
Let h(n) = 2*n**3 + 3*n**2 - 2. Let t be h(1). Suppose -685 = -t*d - w, 3*w = -5*d + 750 + 389. What is the hundreds digit of d?
2
Let d(h) = -2*h**2 - 5*h + 3. Let v be d(3). Suppose 2*q + 3*u = q - 24, 4*q = u - 122. What is the units digit of (-72)/q*v/(-9)?
8
Suppose 68*q - 4 = 72*q. What is the hundreds digit of (-2 - q)/(34472/(-2872) - -12)?
3
Let n be (-1*2*2)/((-32)/48). Suppose 3*z - i = -n*i + 633, -211 = -z - 4*i. What is the tens digit of z?
1
Suppose 21*w - 26*w + 254780 = -5*h, 2*h = -5*w + 254745. What is the units digit of w?
1
Let q(p) = -6*p + 3. Suppose -2*t - 2*s = -34, 4*t - 9*t - s = -69. Let y = 2 - t. What is the units digit of q(y)?
9
Suppose 4*w + r - 4*r = 86, 0 = -2*r - 4. Suppose l - 1856 = -4*q, 5*l = -16*q + w*q - 1880. What is the tens digit of q?
6
Suppose 6*d + 25172 = -8*d. Let x = 2746 + d. What is the hundreds digit of x?
9
Suppose 2*q - 3*p + 4 = 31, 2*p = -10. Suppose -q*r + 5097 = -6213. What is the units digit of 14/119 - r/(-17)?
1
Suppose 52731 = 5*g + 32*g - 466157. What is the tens digit of g?
2
Let n = 107 - 96. Suppose v + n*s - 396 = 9*s, -20 = 5*s. What is the tens digit of v?
0
Let p(c) = 35*c + 39. Let n be p(34). Suppose 2*x = g + n + 540, -2686 = -3*x - 5*g. What is the tens digit of x?
8
Let q(k) = -k**3 - 7*k**2 - 8*k - 5. Let p be q(-5). Let a = 363 - 250. Let n = p + a. What is the units digit of n?
8
Let k = 52059 + -26176. What is the units digit of k?
3
Let y = -72 + 73. Let v be (y + -5 + 3)*0. Suppose n = -v*n + 143. What is the tens digit of n?
4
Suppose -236637 - 158187 = -64*m + 431928. What is the tens digit of m?
1
Let l = -55 + 28. Let a = l - -30. Suppose 3*m - 155 - 113 = -y, a*y = -4*m + 364. What is the tens digit of m?
8
Suppose 5 = -d, 32*d = 2*h + 37*d - 14789. What is the thousands digit of h?
7
Let q = -14617 - -36529. What is the units digit of q?
2
Let f(s) = -429*s + 15. Suppose -8*k + 9*k - 2*p + 10 = 0, -4*k - 5*p + 12 = 0. Let c be f(k). Suppose -6*o + c = -3*o. What is the hundreds digit of o?
2
Let r = -22294 + 77216. What is the ten thousands digit of r?
5
Suppose 8*k + 10 = 6*k - 2*y, -9 = 5*k + y. What is the hundreds digit of (0 + k + 3)/(2/442)?
4
Let k(a) = 601*a**2 - 100*a - 667. What is the tens digit of k(-7)?
8
What is the tens digit of ((-51)/57 + (-8)/76)*(-346 + -7)?
5
Let r = -11848 + 17159. What is the thousands digit of r?
5
Suppose 158*s + 127739 = 508203. What is the tens digit of s?
0
Let q(a) = -a**3 + 12*a**2 + 5*a + 29. Let z = 96 + -84. What is the units digit of q(z)?
9
What is the thousands digit of -10*4996/(-16) + (-6)/4?
3
Suppose -5*u = 3*v - 134, 7*u = 2*u + 2*v + 144. Suppose 15 = -11*m + 323. What is the units digit of 8/u - (-1924)/m?
9
What is the thousands digit of ((-219908)/(-117))/((-4)/12*2/(-3))?
8
Let i(n) = 148*n**2 + 4*n + n**3 + 2 - 4*n - 150*n**2. Let q be i(1). Suppose -4*d - 4*t = -20, -q = d + 2*t - 7*t. What is the units digit of d?
4
Suppose 416*a - 98*a - 1266344 - 10741336 = 0. What is the hundreds digit of a?
7
Let o = 17 - -46. Suppose 0 = -11*m + o + 2654. What is the units digit of m?
7
Let r(x) = 103*x**3 + 3*x**2 - 15*x + 33. What is the units digit of r(3)?
6
Suppose 0 = -11*c - 1473 - 353. Let l = c - -1358. What is the hundreds digit of l?
1
Let r = 964 - 935. Suppose r*z - 13500 = -7*z. What is the units digit of z?
5
Let u(h) = -h**3 - 3*h**2 + 4*h + 1. Let z be u(-4). Suppose 4*l + 3*t - 20 = 0, -6*l = -5*l + 5*t + 12. Suppose 0 = l*r - 7 - z. What is the units digit of r?
1
Suppose 0 = -5*u + 4*h + 81 - 4, u - h - 15 = 0. What is the tens digit of (u - -263) + (2 - 0)?
8
Suppose -4*y = 0, -2*h - y + 0*y = -170. Let u = h - 208. Let t = u - -284. What is the tens digit of t?
6
Suppose 186*g - 7704328 - 5006726 = 0. What is the thousands digit of g?
8
Let b = 88 - 88. Suppose 0 = -6*v + 5*v - 3*j + 10, b = -4*v + 5*j + 74. What is the tens digit of v?
1
Suppose 0 = -3*k - 2*j + 6550 + 1104, 2*k + j = 5102. What is the tens digit of ((-8)/(-5))/(20/k)?
0
Suppose -2*g - 3*k = -15035, 5*g + 4334 = 4*k + 41864. What is the tens digit of g?
1
Let s(v) = 2*v**3 + 6*v**2 + 13*v + 10. Let w be s(6). Suppose -28*r = -26*r - w. What is the tens digit of r?
6
Let c = -84 - -104. What is the hundreds digit of 4 + (-1)/(5/c) + 356?
3
Let w(t) = -1